(n) = -3*n - 2 - n**3 + 5*n**2 + 0*n - 2*n. Suppose q - 14 = -4*l - 0*q, -l - q + 2 = 0. Determine r(l).
-6
Let o(x) be the third derivative of -x**6/120 - 3*x**5/20 - x**4/3 - 7*x**3/6 + 4*x**2. Suppose 6 = -y - 5*j + 6*j, 0 = 5*j + 10. Determine o(y).
-7
Let v(o) = o + 2. Let c = 2 - 2. Suppose 3*m = -c*m - 24. Let i be (-2 + 1)/((-2)/m). What is v(i)?
-2
Let d(n) = -n**3 + 8*n**2 - 7*n + 8. Suppose 3*h - 33 = 3*s, -3*h - 2*h = 5*s - 15. Determine d(h).
8
Suppose 0*f + f = 4. Let p(o) = -3*o + 6. Calculate p(f).
-6
Let a(q) = -3*q**2 - 5*q + 2. Let c(w) = -2*w**2 - 2*w + 1. Let x(r) = 2*a(r) - 5*c(r). Give x(1).
3
Let q(l) = -l**2 + 2. Let m(f) = -f + 1. Let i be m(-2). Suppose -p - i*p - 12 = 0. Give q(p).
-7
Let n(u) = -u + 12. Let h be n(9). Let f(o) = o**3 - 3*o**2 + 2*o + 2. What is f(h)?
8
Let d(c) be the second derivative of -5*c**3/6 + 7*c**2/2 - 9*c. Calculate d(7).
-28
Suppose -2*t + 36 = 2. Let b be (-2)/5 + t/5. Let c(q) = -3*q + 10. Let a(u) = -2*u + 9. Let d(r) = b*c(r) - 4*a(r). Determine d(5).
-11
Let p(c) = c - 6. Let l be (-4)/40*-2 + (-39)/(-5). Give p(l).
2
Let f = 41 - 46. Let t(o) = 2*o + 6. Determine t(f).
-4
Let u(p) be the first derivative of -p**4/4 - p**3 - p**2/2 - 2*p - 4. What is u(-3)?
1
Let s(x) = x - 2. Let t be s(3). Let o(m) = -1 - 1 + 2*m - t. Determine o(4).
5
Let q(n) = -n**3 + 4*n**2 - 4. Suppose 0*j - 3*j = -6. Let w be (6/j)/(6/4). Suppose -w*u + 3 = -3. Calculate q(u).
5
Let w(s) be the second derivative of -s**5/20 + s**4/6 - s**3/3 + s**2/2 - 59*s. Give w(3).
-14
Let m(t) = -13*t**3 + 9*t**2 - 2*t - 14. Let y(c) = 7*c**3 - 5*c**2 + c + 7. Let x = 8 + -19. Let j(b) = x*y(b) - 6*m(b). Give j(0).
7
Let h = 3 + -1. Let i(o) = -3 - 6*o + 5*o + 3*o - h. Give i(5).
5
Suppose h = 2*h - 2. Suppose h*v + 1 = 7. Let c be (0 - 0) + v + -6. Let y(k) = -k**2 - 2*k - 2. Calculate y(c).
-5
Let h(l) = l**3 - 3*l**2 - 2. Suppose 12*q - 8*q - 12 = 0. What is h(q)?
-2
Let k(o) = -3*o + 5. Let g(p) = p - 2. Let y(t) = 8*g(t) + 3*k(t). Let a(n) = -3*n - 4. Let q(w) = -a(w) + 4*y(w). Let m = 20 + -24. Give q(m).
4
Let m(t) be the third derivative of -t**5/60 - 5*t**4/24 + 14*t**2. Give m(-6).
-6
Let f(c) be the second derivative of -c**8/6720 - c**7/360 - c**6/144 + c**5/120 - 5*c**4/12 + 6*c. Let b(x) be the third derivative of f(x). Determine b(-6).
-5
Let c(x) = -x**3 + x**2 + x - 1. Let f be 2/17 - 4/34. Give c(f).
-1
Let q(c) = -c + 12*c + c**2 - 5*c - 4*c. Calculate q(-2).
0
Let g = -9 - -9. Let n(v) = 7*v - 2 - 8*v + g. Determine n(-3).
1
Let v(f) = 16*f + 11. Let i(l) = -8*l - 5. Let a(s) = 9*i(s) + 4*v(s). Let b be -4*-2*(-3)/(-24). Calculate a(b).
-9
Let h(d) = -d**3 + d**2. Let l be h(1). Let a(n) = -n**3 + n**2 + n - 1. Let x(r) = -5*r**3 + 7*r**2 + 6*r - 4. Let w(b) = 6*a(b) - x(b). Determine w(l).
-2
Let y be (-1)/(-4) + 3/4. Let z(b) = 0*b**3 - b + y - b + 6*b**3. Let d = 14 - 13. What is z(d)?
5
Let z(u) be the third derivative of u**5/60 + u**4/4 + 2*u**3/3 - 85*u**2. Suppose -5*n + m - 21 = 0, -m = -2*n - 10 + 1. What is z(n)?
-4
Let m(r) = -8*r**3 + 2*r**2 - 3*r. Let o(q) = -15*q**3 + 3*q**2 - 5*q. Let y(i) = -7*m(i) + 4*o(i). What is y(1)?
-5
Suppose -5*l + 24 = -l. Let r(a) = -2*a + 8 - 3*a + l*a - a**2 - 4. What is r(0)?
4
Let l be ((-6)/(-12))/((-1)/(-12)). Suppose -2*i = -l, 2*h = -0*h - 3*i + 1. Let k(j) = j**2 + 4*j + 2. What is k(h)?
2
Let v(o) = -o**2 + 8*o - 5. Let y be v(7). Let r(z) = -4 + y - 4*z**2 + 0 + 1. Calculate r(-1).
-5
Let r(p) = -p**3 + 2*p + 2*p**2 + p - 2*p. Determine r(-2).
14
Let u(x) be the second derivative of x**3/6 + 7*x**2/2 - 18*x - 1. Calculate u(-12).
-5
Let d = 5 - 12. Let j(n) = n**3 + 7*n**2 - n - 10. Determine j(d).
-3
Suppose 10 = -5*r + 5*g, -r + 5*g = 3*r + 12. Let z(x) = 4*x**r - 4 - x**2 + 7*x - 4*x**2. Suppose 3*b - 23 + 4 = 2*t, 0 = -2*b - 3*t + 4. Give z(b).
6
Let q(x) = -x**2 - 6*x - 4. Let u be q(-5). Let p(v) be the third derivative of -v**6/20 + v**5/60 + 36*v**2. Calculate p(u).
-5
Suppose 0 = -p + 3*z + 3, 0 = -z + 2*z. Let h(n) be the second derivative of -n**5/20 + n**4/3 - n**3/3 - n**2 - 20*n. Give h(p).
1
Let t(g) be the second derivative of g**5/20 + g**4/3 + g**3/3 - 5*g**2/2 + 5*g. Calculate t(-4).
-13
Let i(y) = -2*y**2 - 2*y + 1. Suppose -5*x + 5*w = 45, -x = -6*x - 3*w - 5. Let d(k) = k**3 + 3*k**2 - 3*k + 2. Let b be d(x). What is i(b)?
-3
Let z be (-10)/(-3) + 2/(-6). Let k be ((-6)/z)/(2/(-4)). Let b(q) = 2*q - 5 + 2*q - 3*q. Determine b(k).
-1
Let u(i) = 52 + 2*i**2 - i**3 - 7*i + 0*i**3 - 47 + 4*i**2. Calculate u(5).
-5
Let j(c) = 2*c**3 - 5*c**2 + 7*c - 2. Let n(t) = 3*t**3 - 10*t**2 + 13*t - 5. Let r(w) = 5*j(w) - 3*n(w). Determine r(-6).
-7
Let b(p) be the first derivative of p**3/3 - p**2/2 - 2*p + 5. Let g be b(0). Let i(s) = -2*s**3 - 3*s**2 - 3*s - 1. Determine i(g).
9
Let t(h) = -h**3 + 6*h**2 - 3*h + 3. Suppose 6*a - a - 30 = 0. Calculate t(a).
-15
Let f be 2*3/(-2) - (-18 + 12). Let c(d) = -7*d - 4. Give c(f).
-25
Suppose 0 = -3*j + 2*j + 2. Let r(w) = j - 3*w - w**2 + 3*w - w + 3. Determine r(-4).
-7
Let t be 36/16*(-4)/(-1). Suppose 4*n + 3*l - 16 = 0, 3*n + l + t - 21 = 0. Let d(o) = 4 + o - n. What is d(5)?
5
Let r(n) = -2*n - 4. Let c(m) = -m**2 + 6*m - 3. Let f be c(5). Suppose 3*v - v = 6. Suppose 13 = -5*s + v, 0 = p - f*s - 8. Give r(p).
-12
Let r(y) = 2*y - 9. Let i be r(6). Let b(n) = 3*n - 14*n - 2 + i. Suppose 3 = 4*l - 1. What is b(l)?
-10
Let l(i) = -6*i + 1. Let w be -1 - (1 - (-3 - -2) - 2). Give l(w).
7
Let k(m) = 5 - 4*m + 3*m**2 - 11*m**2 + 4*m**2 + 5*m**2. Calculate k(6).
17
Let v(b) = -b**2 - 5*b + 7. Let j be v(-6). Let i(c) = 0*c**2 - 2*c**2 - 3*c**3 - 3 + 4. Give i(j).
-4
Let q(t) be the first derivative of -t**2/2 - 2*t - 10. Let n(r) = 5*r**2 - 1. Let i = 0 + -1. Let y be n(i). What is q(y)?
-6
Let j(q) = -5*q - 3. Let v(h) = 9*h + 6. Suppose 4*p - 4*b = -16, -4*p - b = -p + 20. Let u(g) = p*v(g) - 11*j(g). Suppose -4*n - 12 + 0 = 0. What is u(n)?
-6
Let n(g) = -4*g - 7. Let r(d) = d. Let h(l) = n(l) + 3*r(l). Give h(5).
-12
Let i(p) be the third derivative of -p**4/24 - p**3/3 - 2*p**2. Suppose -4*b - b + 22 = o, 3*b - 15 = 0. Determine i(o).
1
Let b(d) = -d**2 - 2*d + 5. Let x(m) = 2*m**2 + 4*m - 10. Let c(i) = 11*b(i) + 6*x(i). Suppose 2*l + 2 = -6. Give c(l).
3
Let m = -1 - -1. Let s(t) be the third derivative of -t**6/120 - t**5/60 - t**4/24 + 5*t**3/6 - 18*t**2. What is s(m)?
5
Let l(w) = -w**2 - 10*w - 6. Let i = 5 - 14. Let k be l(i). Let u(x) be the second derivative of x**5/20 - x**4/6 - x**3/2 - 3*x**2/2 + x. Determine u(k).
-3
Let s = 5 + -3. Let x(z) = -2 - s + 9*z - 8*z. Let d be 1/3 - (-2)/(-6). Determine x(d).
-4
Let z(f) be the third derivative of -f**4/8 - 11*f**3/6 - 2*f**2. Let c(q) = -2*q - 7. Let s(p) = 8*c(p) - 5*z(p). Let u be -2 - 0/(-1 - 0). Determine s(u).
1
Let j(f) = -f + 5*f**2 + 2*f + 0*f**2. Let c(v) = v**2 + 16*v - 131. Let u be c(-22). Calculate j(u).
6
Let j(m) = 4*m - 56. Let i be j(12). Let u(o) = o**3 + 7*o**2 - 10*o - 11. Determine u(i).
5
Let g = 15 - 25. Let o = g + 10. Let k(q) = q + 10. What is k(o)?
10
Suppose 5*w + j - 9 = 0, 6 = 3*w + 2*j + 2. Let c(z) = 0*z**w - 2*z**2 + 6*z**2 - z. Give c(-1).
5
Let f(k) = -k**3 - 6*k**2 + 2*k + 1. Let y be 2/(0 - 4/12). Determine f(y).
-11
Suppose -5*f + 5 = -0*f. Let t(c) = c**3 - c**2. Let z(b) = -3*b**3 - 3*b + 6. Let g(s) = f*z(s) + 4*t(s). What is g(4)?
-6
Let k(g) be the first derivative of -g**4/4 + 2*g**3/3 + 6. Calculate k(3).
-9
Let o(s) = 0*s**3 - 5*s**2 - 5 + 5*s + 3 + 5 + s**3. What is o(4)?
7
Let n(h) = 3*h + 1. Let r(m) = -2*m. Suppose 5 = -4*c - 7. Let w(x) = c*n(x) - 7*r(x). Give w(2).
7
Let j = 21 - 10. Let t = j + -6. Let g(k) = -2*k + 6. What is g(t)?
-4
Let i be (38/(-57))/((-2)/(-9)). Let k(o) be the third derivative of -1/120*o**6 + 0 - 1/6*o**3 + 1/12*o**4 + 0*o - 1/60*o**5 + o**2. What is k(i)?
11
Let b(q) = -4*q. Let m be (-3 + 1)*(-2)/4. Calculate b(m).
-4
Let o(a) = -a + 5. Suppose 2*n + 3*h + 2 + 2 = 0, 0 = 4*n - h - 20. Give o(n).
1
Let a(l) = 4*l**3 + 2*l**2 + 4. Let p(r) = -11*r**3 - 6*r**2 + r - 11. Let q(n) = 8*a(n) + 3*p(n). Calculate q(-4).
19
Let l(s) be the first derivative of -s**2/2 + 7*s - 14. Determine l(6).
1
Let d be (-2 + 0)/(-2 - 0). Let v = -1 + -1. Let f(k) = k + 1